{"id":1804,"date":"2025-12-16T16:01:51","date_gmt":"2025-12-16T08:01:51","guid":{"rendered":"http:\/\/120.79.224.121\/?post_type=product&#038;p=1804"},"modified":"2026-01-15T10:00:39","modified_gmt":"2026-01-15T02:00:39","slug":"phong-cach-han-quoc-xuan-he-shoulder-bag","status":"publish","type":"product","link":"https:\/\/www.freyavn.com\/index.php\/product\/phong-cach-han-quoc-xuan-he-shoulder-bag\/","title":{"rendered":"Phong c\u00e1ch H\u00e0n Qu\u1ed1c Xu\u00e2n H\u00e8 Shoulder Bag"},"content":{"rendered":"<p data-pm-slice=\"1 1 []\">\ud83c\udf8aCh\u00e0o m\u1eebng b\u1ea1n \u0111\u1ebfn v\u1edbi C\u1eeda h\u00e0ng tr\u1ef1c tuy\u1ebfn ch\u00ednh th\u1ee9c c\u1ee7a FREYA!<\/p>\n<p>\u2705Bao g\u1ed3m: T\u00fai * 1, d\u00e2y \u0111eo vai (c\u00f3 th\u1ec3 \u0111i\u1ec1u ch\u1ec9nh) * 1, t\u00fai b\u1ee5i * 1, th\u1ebb treo * 1.<\/p>\n<p>\u2705 T\u1ea5t c\u1ea3 c\u00e1c s\u1ea3n ph\u1ea9m s\u1ebd \u0111\u01b0\u1ee3c v\u1eadn chuy\u1ec3n trong 2 ng\u00e0y!<\/p>\n<p>&nbsp;<\/p>\n<p>\ud83d\udc5c\ud83d\udc5cChi ti\u1ebft s\u1ea3n ph\u1ea9m \ud83d\udc5c\ud83d\udc5c<\/p>\n<p>\ud83d\udc5cTh\u00e0nh ph\u1ea7n v\u1ea3i: Da PU ch\u1ea5t l\u01b0\u1ee3ng cao<\/p>\n<p>\ud83d\udc5cTh\u00e0nh ph\u1ea7n l\u00f3t: Polyester-cotton<\/p>\n<p>\ud83d\udc5cK\u00edch th\u01b0\u1edbc<\/p>\n<p>Chi\u1ec1u d\u00e0i: 35 cm<\/p>\n<p>Chi\u1ec1u cao: 16 cm<\/p>\n<p>\u0110\u1ed9 d\u00e0y: 10 cm<\/p>\n<p><img fetchpriority=\"high\" decoding=\"async\" class=\"alignnone size-full\" src=\"https:\/\/www.freyavn.com\/wp-content\/uploads\/2025\/12\/\u8be6\u60c5\u56fe1\u5927\u56fe-26.jpg\" width=\"1280\" height=\"6029\" \/><img decoding=\"async\" class=\"alignnone size-full\" src=\"https:\/\/www.freyavn.com\/wp-content\/uploads\/2025\/12\/\u8be6\u60c5\u56fe2\u5927\u56fe-26.jpg\" width=\"1280\" height=\"5095\" \/><img decoding=\"async\" class=\"alignnone size-full\" src=\"https:\/\/www.freyavn.com\/wp-content\/uploads\/2025\/12\/\u8be6\u60c5\u56fe3\u5927\u56fe-26.jpg\" width=\"1280\" height=\"4259\" \/><\/p>\n","protected":false},"excerpt":{"rendered":"<p><span data-slate-fragment=\"JTVCJTdCJTIydHlwZSUyMiUzQSUyMnBhcmFncmFwaCUyMiUyQyUyMmNoaWxkcmVuJTIyJTNBJTVCJTdCJTIyaWQlMjIlM0ElMjJWN0FveVoyZ3ZCJTIyJTJDJTIycGFyYUlkeCUyMiUzQTAlMkMlMjJzcmMlMjIlM0ElMjJUJUMzJUJBaSUyMEJvd2xpbmclMkMlMjBGUkVZQSUyQyUyMFBob25nJTIwQyVDMyVBMWNoJTIwSCVDMyVBMG4lMjBRdSVFMSVCQiU5MWMlMkMlMjBUJUMzJUJBaSUyMCVDNCU5MGVvJTIwVmFpJTIwTSVDMyVCOWElMjBYdSVDMyVBMm4lMjBIJUMzJUE4JTJDJTIwVCVDMyVCQWklMjBUb3RlJTIwQyVFMSVCQiU5NSUyMCVDNCU5MGklRTElQkIlODNuJTIwVCVDMyVCQWklMjAlQzQlOTBlbyUyMENoJUMzJUE5byUyMCVDNCU5MCVDNiVBMW4lMjBHaSVFMSVCQSVBM24lMkMlMjBUJUMzJUJBaSUyMEclRTElQkIlOTFpJTIwJUM0JTkwaSUyMEwlQzMlQTBtJTIwSCVFMSVCQiU4RGElMjBUaSVFMSVCQSVCRnQlMjBUJUMzJUJBaSUyME0lQzMlQTB1JTIwTWFjYXJvb24lMjBOaCVFMSVCQSVCOSUyME5oJUMzJUEwbmclMjIlMkMlMjJkc3QlMjIlM0ElMjIlRTQlQkYlOUQlRTklQkUlODQlRTclOTAlODMlRTglQTIlOEIlRUYlQkMlOENGUkVZQSVFRiVCQyU4QyVFOSU5RiVBOSVFNSVCQyU4RiVFOSVBMyU4RSVFNiVBMCVCQyVFRiVCQyU4QyVFNiU5OCVBNSVFNSVBNCU4RiVFOCU4MiVBOSVFNSU4QyU4NSVFRiVCQyU4QyVFNyVCQiU4RiVFNSU4NSVCOCVFNiU4OSU4QiVFNiU4RiU5MCVFNSU4QyU4NSVFNyVBRSU4MCVFNSU4RCU5NSVFNCVCQSVBNCVFNSU4RiU4OSVFNSU4QyU4NSVFRiVCQyU4QyVFNiU5RSU5NSVFNSVBNCVCNCVFOCVBMiU4QiVFOCVBMyU4NSVFOSVBNSVCMCVFOCVCRCVCQiVFNCVCRSVCRk1hY2Fyb24lRTUlQkQlQTklRTglODklQjIlRTglQTIlOEIlMjIlMkMlMjJtZXRhZGF0YSUyMiUzQSUyMiUyMiUyQyUyMm1hdGNoZXMlMjIlM0FudWxsJTJDJTIydHJhbnNsYXRlZEJ5JTIyJTNBbnVsbCUyQyUyMm1ldGFEYXRhJTIyJTNBJTVCJTVEJTJDJTIydGV4dCUyMiUzQSUyMlQlQzMlQkFpJTIwQm93bGluZyUyQyUyMEZSRVlBJTJDJTIwUGhvbmclMjBDJUMzJUExY2glMjBIJUMzJUEwbiUyMFF1JUUxJUJCJTkxYyUyQyUyMFQlQzMlQkFpJTIwJUM0JTkwZW8lMjBWYWklMjBNJUMzJUI5YSUyMFh1JUMzJUEybiUyMEglQzMlQTglMkMlMjBUJUMzJUJBaSUyMFRvdGUlMjBDJUUxJUJCJTk1JTIwJUM0JTkwaSVFMSVCQiU4M24lMjBUJUMzJUJBaSUyMCVDNCU5MGVvJTIwQ2glQzMlQTlvJTIwJUM0JTkwJUM2JUExbiUyMEdpJUUxJUJBJUEzbiUyQyUyMFQlQzMlQkFpJTIwRyVFMSVCQiU5MWklMjAlQzQlOTBpJTIwTCVDMyVBMG0lMjBIJUUxJUJCJThEYSUyMFRpJUUxJUJBJUJGdCUyMFQlQzMlQkFpJTIwTSVDMyVBMHUlMjBNYWNhcm9vbiUyME5oJUUxJUJBJUI5JTIwTmglQzMlQTBuZyUyMiU3RCU1RCU3RCU1RA==\">T\u00fai Bowling, FREYA, Phong C\u00e1ch H\u00e0n Qu\u1ed1c, T\u00fai \u0110eo Vai M\u00f9a Xu\u00e2n H\u00e8, T\u00fai Tote C\u1ed5 \u0110i\u1ec3n T\u00fai \u0110eo Ch\u00e9o \u0110\u01a1n Gi\u1ea3n, T\u00fai G\u1ed1i \u0110i L\u00e0m H\u1ecda Ti\u1ebft T\u00fai M\u00e0u Macaroon Nh\u1eb9 Nh\u00e0ng<\/span><\/p>\n","protected":false},"featured_media":1812,"comment_status":"open","ping_status":"closed","template":"","meta":[],"product_brand":[],"product_cat":[37,33],"product_tag":[],"class_list":{"0":"post-1804","1":"product","2":"type-product","3":"status-publish","4":"has-post-thumbnail","6":"product_cat-nongenuineleatherbag","7":"product_cat-shoulderbag","9":"first","10":"instock","11":"shipping-taxable","12":"purchasable","13":"product-type-variable"},"_links":{"self":[{"href":"https:\/\/www.freyavn.com\/index.php\/wp-json\/wp\/v2\/product\/1804","targetHints":{"allow":["GET"]}}],"collection":[{"href":"https:\/\/www.freyavn.com\/index.php\/wp-json\/wp\/v2\/product"}],"about":[{"href":"https:\/\/www.freyavn.com\/index.php\/wp-json\/wp\/v2\/types\/product"}],"replies":[{"embeddable":true,"href":"https:\/\/www.freyavn.com\/index.php\/wp-json\/wp\/v2\/comments?post=1804"}],"wp:featuredmedia":[{"embeddable":true,"href":"https:\/\/www.freyavn.com\/index.php\/wp-json\/wp\/v2\/media\/1812"}],"wp:attachment":[{"href":"https:\/\/www.freyavn.com\/index.php\/wp-json\/wp\/v2\/media?parent=1804"}],"wp:term":[{"taxonomy":"product_brand","embeddable":true,"href":"https:\/\/www.freyavn.com\/index.php\/wp-json\/wp\/v2\/product_brand?post=1804"},{"taxonomy":"product_cat","embeddable":true,"href":"https:\/\/www.freyavn.com\/index.php\/wp-json\/wp\/v2\/product_cat?post=1804"},{"taxonomy":"product_tag","embeddable":true,"href":"https:\/\/www.freyavn.com\/index.php\/wp-json\/wp\/v2\/product_tag?post=1804"}],"curies":[{"name":"wp","href":"https:\/\/api.w.org\/{rel}","templated":true}]}}