{"id":1604,"date":"2025-12-12T15:45:21","date_gmt":"2025-12-12T07:45:21","guid":{"rendered":"http:\/\/120.79.224.121\/?post_type=product&#038;p=1604"},"modified":"2026-01-15T10:11:09","modified_gmt":"2026-01-15T02:11:09","slug":"cong-suat-lon-sap-da-tote-tui","status":"publish","type":"product","link":"https:\/\/www.freyavn.com\/index.php\/product\/cong-suat-lon-sap-da-tote-tui\/","title":{"rendered":"C\u00f4ng su\u1ea5t l\u1edbn s\u00e1p da tote t\u00fai"},"content":{"rendered":"<p data-pm-slice=\"1 1 []\">\ud83c\udf8aCh\u00e0o m\u1eebng b\u1ea1n \u0111\u1ebfn v\u1edbi C\u1eeda h\u00e0ng tr\u1ef1c tuy\u1ebfn ch\u00ednh th\u1ee9c c\u1ee7a FREYA!<\/p>\n<p>\u2705Bao g\u1ed3m: T\u00fai * 1,<\/p>\n<p>t\u00fai b\u1ee5i * 1, th\u1ebb treo * 1<\/p>\n<p>\u2705 T\u1ea5t c\u1ea3 c\u00e1c s\u1ea3n ph\u1ea9m s\u1ebd \u0111\u01b0\u1ee3c v\u1eadn chuy\u1ec3n trong 3 ng\u00e0y!<\/p>\n<p>&nbsp;<\/p>\n<p>\ud83d\udc5c\ud83d\udc5cChi ti\u1ebft s\u1ea3n ph\u1ea9m \ud83d\udc5c\ud83d\udc5c<\/p>\n<p>\ud83d\udc5cTh\u00e0nh ph\u1ea7n v\u1ea3i: Da b\u00f2 th\u1eadt (L\u1edbp tr\u00ean c\u00f9ng)<\/p>\n<p>\ud83d\udc5cTh\u00e0nh ph\u1ea7n l\u00f3t: Polyester-cotton<\/p>\n<p>\ud83d\udc5cK\u00edch th\u01b0\u1edbc<\/p>\n<p>Chi\u1ec1u d\u00e0i: 36 cm<\/p>\n<p>Chi\u1ec1u cao: 24 cm<\/p>\n<p>\u0110\u1ed9 d\u00e0y: 15 cm<\/p>\n<p><img fetchpriority=\"high\" decoding=\"async\" class=\"alignnone size-full\" src=\"https:\/\/www.freyavn.com\/wp-content\/uploads\/2025\/12\/\u8be6\u60c5\u56fe1\u5927\u56fe.png\" width=\"1280\" height=\"6034\" \/><img decoding=\"async\" class=\"alignnone size-full\" src=\"https:\/\/www.freyavn.com\/wp-content\/uploads\/2025\/12\/\u8be6\u60c5\u56fe2\u5927\u56fe.png\" width=\"1280\" height=\"5004\" \/><img decoding=\"async\" class=\"alignnone size-full\" src=\"https:\/\/www.freyavn.com\/wp-content\/uploads\/2025\/12\/\u8be6\u60c5\u56fe3\u5927\u56fe.png\" width=\"1280\" height=\"4346\" \/><\/p>\n<p>&nbsp;<\/p>\n","protected":false},"excerpt":{"rendered":"<div data-slate-node=\"element\" data-slate-fragment=\"JTVCJTdCJTIydHlwZSUyMiUzQSUyMnBhcmFncmFwaCUyMiUyQyUyMmNoaWxkcmVuJTIyJTNBJTVCJTdCJTIyaWQlMjIlM0ElMjJ6WW05WDR2WW96JTIyJTJDJTIycGFyYUlkeCUyMiUzQTAlMkMlMjJzcmMlMjIlM0ElMjJUJUMzJUJBaSUyMCVDNCU5MGVvJTIwVmFpJTIwRGElMjBCJUMzJUIyJTIwVGglRTElQkElQUR0JTIwRlJFWUElMkMlMjBUJUMzJUJBaSUyMEslRTElQkElQjlwJTIwTiVDMyVBMWNoJTIwUyVDMyVBMW5nJTJDJTIwVCVDMyVCQWklMjBCb3N0b24lMjBSJUMzJUExbSUyME4lRTElQkElQUZuZyUyQyUyMEQlQzMlQTBuaCUyMENobyUyME4lRTElQkIlQUYlMkMlMjBUJUMzJUJBaSUyMFRvdGUlMjBEYSUyMFMlQzMlQTFwJTIwRCVFMSVCQSVBN3UlMkMlMjBEdW5nJTIwVCVDMyVBRGNoJTIwTCVFMSVCQiU5Qm4lMkMlMjBUJUMzJUJBaSUyMEJvd2xpbmclMkMlMjBDaG8lMjBQaCVFMSVCQiVBNSUyME4lRTElQkIlQUYlMjIlMkMlMjJkc3QlMjIlM0ElMjJGUkVZQSVFNyU5QyU5RiVFNyU5QSVBRSVFOCU4MiVBOSVFNSU4QyU4NSVFRiVCQyU4QyVFNSU4RiU5MSVFNSU4NSU4OSVFOCU4MiVBOSVFNSU4QyU4NSVFRiVCQyU4QyVFNiU5OSU5MiVFOSVCQiU5MSVFNiVCMyVBMiVFNSVBMyVBQiVFOSVBMSVCRiVFNSU4QyU4NSVFRiVCQyU4QyVFNSVBNSVCMyVFNSVCQyU4RiVFRiVCQyU4QyVFOCU5QyVBMSVFNyU5QSVBRSVFOSU5RCVBOSVFNiU4OSU4QiVFNiU4RiU5MCVFNSU4QyU4NSVFRiVCQyU4QyVFNSVBNCVBNyVFNSVBRSVCOSVFOSU4NyU4RiVFRiVCQyU4QyVFNCVCRiU5RCVFOSVCRSU4NCVFNyU5MCU4MyVFOCVBMiU4QiVFRiVCQyU4QyVFNSVBNSVCMyVFNSVCQyU4RiUyMiUyQyUyMm1ldGFkYXRhJTIyJTNBJTIyJTIyJTJDJTIybWF0Y2hlcyUyMiUzQW51bGwlMkMlMjJ0cmFuc2xhdGVkQnklMjIlM0FudWxsJTJDJTIybWV0YURhdGElMjIlM0ElNUIlNUQlMkMlMjJ0ZXh0JTIyJTNBJTIyVCVDMyVCQWklMjAlQzQlOTBlbyUyMFZhaSUyMERhJTIwQiVDMyVCMiUyMFRoJUUxJUJBJUFEdCUyMEZSRVlBJTJDJTIwVCVDMyVCQWklMjBLJUUxJUJBJUI5cCUyME4lQzMlQTFjaCUyMFMlQzMlQTFuZyUyQyUyMFQlQzMlQkFpJTIwQm9zdG9uJTIwUiVDMyVBMW0lMjBOJUUxJUJBJUFGbmclMkMlMjBEJUMzJUEwbmglMjBDaG8lMjBOJUUxJUJCJUFGJTJDJTIwVCVDMyVCQWklMjBUb3RlJTIwRGElMjBTJUMzJUExcCUyMEQlRTElQkElQTd1JTJDJTIwRHVuZyUyMFQlQzMlQURjaCUyMEwlRTElQkIlOUJuJTJDJTIwVCVDMyVCQWklMjBCb3dsaW5nJTJDJTIwQ2hvJTIwUGglRTElQkIlQTUlMjBOJUUxJUJCJUFGJTIyJTdEJTVEJTdEJTJDJTdCJTIydHlwZSUyMiUzQSUyMnBhcmFncmFwaCUyMiUyQyUyMmNoaWxkcmVuJTIyJTNBJTVCJTdCJTIyaWQlMjIlM0ElMjJWa3BOM3FSQVh6JTIyJTJDJTIycGFyYUlkeCUyMiUzQTElMkMlMjJzcmMlMjIlM0ElMjIlMjIlMkMlMjJkc3QlMjIlM0ElMjIlMjIlMkMlMjJtZXRhZGF0YSUyMiUzQSUyMiUyMiUyQyUyMm1hdGNoZXMlMjIlM0FudWxsJTJDJTIydHJhbnNsYXRlZEJ5JTIyJTNBbnVsbCUyQyUyMm1ldGFEYXRhJTIyJTNBJTVCJTVEJTJDJTIydGV4dCUyMiUzQSUyMiUyMiU3RCU1RCU3RCU1RA==\"><span data-slate-node=\"text\"><span class=\"\" data-slate-leaf=\"true\" data-sent-id=\"zYm9X4vYoz\" data-para-id=\"0\">T\u00fai \u0110eo Vai Da B\u00f2 Th\u1eadt FREYA, T\u00fai K\u1eb9p N\u00e1ch S\u00e1ng, T\u00fai Boston R\u00e1m N\u1eafng, D\u00e0nh Cho N\u1eef, T\u00fai Tote Da S\u00e1p D\u1ea7u, Dung T\u00edch L\u1edbn, T\u00fai Bowling, Cho Ph\u1ee5 N\u1eef<\/span><\/span><\/div>\n","protected":false},"featured_media":1605,"comment_status":"open","ping_status":"closed","template":"","meta":[],"product_brand":[],"product_cat":[36,33],"product_tag":[],"class_list":{"0":"post-1604","1":"product","2":"type-product","3":"status-publish","4":"has-post-thumbnail","6":"product_cat-genuineleatherbag","7":"product_cat-shoulderbag","9":"first","10":"instock","11":"shipping-taxable","12":"purchasable","13":"product-type-variable"},"_links":{"self":[{"href":"https:\/\/www.freyavn.com\/index.php\/wp-json\/wp\/v2\/product\/1604","targetHints":{"allow":["GET"]}}],"collection":[{"href":"https:\/\/www.freyavn.com\/index.php\/wp-json\/wp\/v2\/product"}],"about":[{"href":"https:\/\/www.freyavn.com\/index.php\/wp-json\/wp\/v2\/types\/product"}],"replies":[{"embeddable":true,"href":"https:\/\/www.freyavn.com\/index.php\/wp-json\/wp\/v2\/comments?post=1604"}],"wp:featuredmedia":[{"embeddable":true,"href":"https:\/\/www.freyavn.com\/index.php\/wp-json\/wp\/v2\/media\/1605"}],"wp:attachment":[{"href":"https:\/\/www.freyavn.com\/index.php\/wp-json\/wp\/v2\/media?parent=1604"}],"wp:term":[{"taxonomy":"product_brand","embeddable":true,"href":"https:\/\/www.freyavn.com\/index.php\/wp-json\/wp\/v2\/product_brand?post=1604"},{"taxonomy":"product_cat","embeddable":true,"href":"https:\/\/www.freyavn.com\/index.php\/wp-json\/wp\/v2\/product_cat?post=1604"},{"taxonomy":"product_tag","embeddable":true,"href":"https:\/\/www.freyavn.com\/index.php\/wp-json\/wp\/v2\/product_tag?post=1604"}],"curies":[{"name":"wp","href":"https:\/\/api.w.org\/{rel}","templated":true}]}}