{"id":9,"date":"2025-11-10T14:49:42","date_gmt":"2025-11-10T06:49:42","guid":{"rendered":"http:\/\/120.79.224.121\/index.php\/cart\/"},"modified":"2026-01-23T09:45:45","modified_gmt":"2026-01-23T01:45:45","slug":"cart","status":"publish","type":"page","link":"https:\/\/www.freyavn.com\/index.php\/cart\/","title":{"rendered":"Gi\u1ecf H\u00e0ng"},"content":{"rendered":"\n<div data-block-name=\"woocommerce\/cart\" class=\"wp-block-woocommerce-cart alignwide is-loading\">\n<div data-block-name=\"woocommerce\/filled-cart-block\" class=\"wp-block-woocommerce-filled-cart-block\">\n<div data-block-name=\"woocommerce\/cart-items-block\" class=\"wp-block-woocommerce-cart-items-block\">\n<div data-block-name=\"woocommerce\/cart-line-items-block\" class=\"wp-block-woocommerce-cart-line-items-block\"><\/div>\n<\/div>\n\n\n\n<div data-block-name=\"woocommerce\/cart-totals-block\" class=\"wp-block-woocommerce-cart-totals-block\">\n<div data-block-name=\"woocommerce\/cart-order-summary-block\" class=\"wp-block-woocommerce-cart-order-summary-block\">\n<div data-block-name=\"woocommerce\/cart-order-summary-heading-block\" data-content=\"T\u1ed5ng Gi\u1ecf H\u00e0ng\" class=\"wp-block-woocommerce-cart-order-summary-heading-block\"><\/div>\n\n\n\n<div data-block-name=\"woocommerce\/cart-order-summary-coupon-form-block\" data-metadata=\"[]\" class=\"wp-block-woocommerce-cart-order-summary-coupon-form-block\"><\/div>\n\n\n\n<div data-block-name=\"woocommerce\/cart-order-summary-totals-block\" class=\"wp-block-woocommerce-cart-order-summary-totals-block\">\n<div data-block-name=\"woocommerce\/cart-order-summary-subtotal-block\" class=\"wp-block-woocommerce-cart-order-summary-subtotal-block\"><\/div>\n\n\n\n<div data-block-name=\"woocommerce\/cart-order-summary-fee-block\" class=\"wp-block-woocommerce-cart-order-summary-fee-block\"><\/div>\n\n\n\n<div data-block-name=\"woocommerce\/cart-order-summary-discount-block\" class=\"wp-block-woocommerce-cart-order-summary-discount-block\"><\/div>\n\n\n\n<div data-block-name=\"woocommerce\/cart-order-summary-shipping-block\" class=\"wp-block-woocommerce-cart-order-summary-shipping-block\"><\/div>\n\n\n\n<div data-block-name=\"woocommerce\/cart-order-summary-taxes-block\" class=\"wp-block-woocommerce-cart-order-summary-taxes-block\"><\/div>\n<\/div>\n<\/div>\n\n\n\n<div data-block-name=\"woocommerce\/cart-express-payment-block\" class=\"wp-block-woocommerce-cart-express-payment-block\"><\/div>\n\n\n\n<div data-block-name=\"woocommerce\/proceed-to-checkout-block\" data-button-label=\"&lt;strong&gt;Ti\u1ebfp T\u1ee5c Thanh To\u00e1n&lt;\/strong&gt;\" class=\"wp-block-woocommerce-proceed-to-checkout-block\"><\/div>\n\n\n\n<div data-block-name=\"woocommerce\/cart-accepted-payment-methods-block\" class=\"wp-block-woocommerce-cart-accepted-payment-methods-block\"><\/div>\n<\/div>\n<\/div>\n\n\n\n<div data-block-name=\"woocommerce\/empty-cart-block\" class=\"wp-block-woocommerce-empty-cart-block\">\n<h2 class=\"wp-block-heading has-text-align-center with-empty-cart-icon wc-block-cart__empty-cart__title\">\u60a8\u7684\u8d2d\u7269\u8f66\u76ee\u524d\u662f\u7a7a\u7684\uff01<\/h2>\n\n\n\n<hr class=\"wp-block-separator has-alpha-channel-opacity is-style-dots\"\/>\n\n\n\n<h2 class=\"wp-block-heading has-text-align-center\">\u5546\u5e97\u65b0\u54c1<\/h2>\n\n\n<div data-block-name=\"woocommerce\/product-new\" data-columns=\"4\" data-rows=\"1\" class=\"wc-block-grid wp-block-product-new wp-block-woocommerce-product-new wc-block-product-new has-4-columns\"><ul class=\"wc-block-grid__products\"><li class=\"wc-block-grid__product\">\n\t\t\t\t<a href=\"https:\/\/www.freyavn.com\/index.php\/product\/tui-xo-han-quoc-don-gian-cho-mua-xuan-va-mua-he\/\" class=\"wc-block-grid__product-link\">\n\t\t\t\t\t\n\t\t\t\t\t<div class=\"wc-block-grid__product-image\"><img fetchpriority=\"high\" decoding=\"async\" width=\"300\" height=\"300\" src=\"https:\/\/www.freyavn.com\/wp-content\/uploads\/2025\/12\/b4369f88dec24e228317928143cae0c9tplv-aphluv4xwc-300x300.png\" class=\"attachment-woocommerce_thumbnail size-woocommerce_thumbnail\" alt=\"T\u00fai x\u00f4 H\u00e0n Qu\u1ed1c \u0111\u01a1n gi\u1ea3n cho m\u00f9a xu\u00e2n v\u00e0 m\u00f9a h\u00e8\" srcset=\"https:\/\/www.freyavn.com\/wp-content\/uploads\/2025\/12\/b4369f88dec24e228317928143cae0c9tplv-aphluv4xwc-300x300.png 300w, https:\/\/www.freyavn.com\/wp-content\/uploads\/2025\/12\/b4369f88dec24e228317928143cae0c9tplv-aphluv4xwc-500x500.png 500w, https:\/\/www.freyavn.com\/wp-content\/uploads\/2025\/12\/b4369f88dec24e228317928143cae0c9tplv-aphluv4xwc-768x768.png 768w, https:\/\/www.freyavn.com\/wp-content\/uploads\/2025\/12\/b4369f88dec24e228317928143cae0c9tplv-aphluv4xwc-600x600.png 600w, https:\/\/www.freyavn.com\/wp-content\/uploads\/2025\/12\/b4369f88dec24e228317928143cae0c9tplv-aphluv4xwc-100x100.png 100w, https:\/\/www.freyavn.com\/wp-content\/uploads\/2025\/12\/b4369f88dec24e228317928143cae0c9tplv-aphluv4xwc-50x50.png 50w, https:\/\/www.freyavn.com\/wp-content\/uploads\/2025\/12\/b4369f88dec24e228317928143cae0c9tplv-aphluv4xwc.png 1000w\" sizes=\"(max-width: 300px) 100vw, 300px\" \/><\/div>\n\t\t\t\t\t<div class=\"wc-block-grid__product-title\">T\u00fai x\u00f4 H\u00e0n Qu\u1ed1c \u0111\u01a1n gi\u1ea3n cho m\u00f9a xu\u00e2n v\u00e0 m\u00f9a h\u00e8<\/div>\n\t\t\t\t<\/a>\n\t\t\t\t<div class=\"wc-block-grid__product-price price\"><span class=\"woocommerce-Price-amount amount\"><span class=\"woocommerce-Price-currencySymbol\">VND<\/span>489K<\/span><\/div>\n\t\t\t\t\n\t\t\t\t<div class=\"wp-block-button wc-block-grid__product-add-to-cart\"><a href=\"https:\/\/www.freyavn.com\/index.php\/product\/tui-xo-han-quoc-don-gian-cho-mua-xuan-va-mua-he\/\" aria-label=\"\u4e3a&ldquo;T\u00fai x\u00f4 H\u00e0n Qu\u1ed1c \u0111\u01a1n gi\u1ea3n cho m\u00f9a xu\u00e2n v\u00e0 m\u00f9a h\u00e8&rdquo;\u9009\u62e9\u9009\u9879\" data-quantity=\"1\" data-product_id=\"1830\" data-product_sku=\"\" data-price=\"489399\" rel=\"nofollow\" class=\"wp-block-button__link wp-element-button add_to_cart_button\">\u9009\u62e9\u9009\u9879<\/a><\/div>\n\t\t\t<\/li><li class=\"wc-block-grid__product\">\n\t\t\t\t<a href=\"https:\/\/www.freyavn.com\/index.php\/product\/phong-cach-han-quoc-xuan-he-shoulder-bag\/\" class=\"wc-block-grid__product-link\">\n\t\t\t\t\t\n\t\t\t\t\t<div class=\"wc-block-grid__product-image\"><img decoding=\"async\" width=\"300\" height=\"300\" src=\"https:\/\/www.freyavn.com\/wp-content\/uploads\/2025\/12\/abb7d321046742b8a3eedfdb1e588341tplv-aphluv4xwc-300x300.png\" class=\"attachment-woocommerce_thumbnail size-woocommerce_thumbnail\" alt=\"Phong c\u00e1ch H\u00e0n Qu\u1ed1c Xu\u00e2n H\u00e8 Shoulder Bag\" srcset=\"https:\/\/www.freyavn.com\/wp-content\/uploads\/2025\/12\/abb7d321046742b8a3eedfdb1e588341tplv-aphluv4xwc-300x300.png 300w, https:\/\/www.freyavn.com\/wp-content\/uploads\/2025\/12\/abb7d321046742b8a3eedfdb1e588341tplv-aphluv4xwc-500x500.png 500w, https:\/\/www.freyavn.com\/wp-content\/uploads\/2025\/12\/abb7d321046742b8a3eedfdb1e588341tplv-aphluv4xwc-768x768.png 768w, https:\/\/www.freyavn.com\/wp-content\/uploads\/2025\/12\/abb7d321046742b8a3eedfdb1e588341tplv-aphluv4xwc-600x600.png 600w, https:\/\/www.freyavn.com\/wp-content\/uploads\/2025\/12\/abb7d321046742b8a3eedfdb1e588341tplv-aphluv4xwc-100x100.png 100w, https:\/\/www.freyavn.com\/wp-content\/uploads\/2025\/12\/abb7d321046742b8a3eedfdb1e588341tplv-aphluv4xwc-50x50.png 50w, https:\/\/www.freyavn.com\/wp-content\/uploads\/2025\/12\/abb7d321046742b8a3eedfdb1e588341tplv-aphluv4xwc.png 1000w\" sizes=\"(max-width: 300px) 100vw, 300px\" \/><\/div>\n\t\t\t\t\t<div class=\"wc-block-grid__product-title\">Phong c\u00e1ch H\u00e0n Qu\u1ed1c Xu\u00e2n H\u00e8 Shoulder Bag<\/div>\n\t\t\t\t<\/a>\n\t\t\t\t<div class=\"wc-block-grid__product-price price\"><span class=\"woocommerce-Price-amount amount\"><span class=\"woocommerce-Price-currencySymbol\">VND<\/span>571K<\/span><\/div>\n\t\t\t\t\n\t\t\t\t<div class=\"wp-block-button wc-block-grid__product-add-to-cart\"><a href=\"https:\/\/www.freyavn.com\/index.php\/product\/phong-cach-han-quoc-xuan-he-shoulder-bag\/\" aria-label=\"\u4e3a&ldquo;Phong c\u00e1ch H\u00e0n Qu\u1ed1c Xu\u00e2n H\u00e8 Shoulder Bag&rdquo;\u9009\u62e9\u9009\u9879\" data-quantity=\"1\" data-product_id=\"1804\" data-product_sku=\"\" data-price=\"571190\" rel=\"nofollow\" class=\"wp-block-button__link wp-element-button add_to_cart_button\">\u9009\u62e9\u9009\u9879<\/a><\/div>\n\t\t\t<\/li><li class=\"wc-block-grid__product\">\n\t\t\t\t<a href=\"https:\/\/www.freyavn.com\/index.php\/product\/tui-banh-mi-kraft-phap\/\" class=\"wc-block-grid__product-link\">\n\t\t\t\t\t\n\t\t\t\t\t<div class=\"wc-block-grid__product-image\"><img decoding=\"async\" width=\"300\" height=\"300\" src=\"https:\/\/www.freyavn.com\/wp-content\/uploads\/2025\/12\/a2a7ca0f307148a9893ce760eb60295ctplv-aphluv4xwc-300x300.png\" class=\"attachment-woocommerce_thumbnail size-woocommerce_thumbnail\" alt=\"T\u00fai b\u00e1nh m\u00ec Kraft Ph\u00e1p\" srcset=\"https:\/\/www.freyavn.com\/wp-content\/uploads\/2025\/12\/a2a7ca0f307148a9893ce760eb60295ctplv-aphluv4xwc-300x300.png 300w, https:\/\/www.freyavn.com\/wp-content\/uploads\/2025\/12\/a2a7ca0f307148a9893ce760eb60295ctplv-aphluv4xwc-500x500.png 500w, https:\/\/www.freyavn.com\/wp-content\/uploads\/2025\/12\/a2a7ca0f307148a9893ce760eb60295ctplv-aphluv4xwc-768x768.png 768w, https:\/\/www.freyavn.com\/wp-content\/uploads\/2025\/12\/a2a7ca0f307148a9893ce760eb60295ctplv-aphluv4xwc-600x600.png 600w, https:\/\/www.freyavn.com\/wp-content\/uploads\/2025\/12\/a2a7ca0f307148a9893ce760eb60295ctplv-aphluv4xwc-100x100.png 100w, https:\/\/www.freyavn.com\/wp-content\/uploads\/2025\/12\/a2a7ca0f307148a9893ce760eb60295ctplv-aphluv4xwc-50x50.png 50w, https:\/\/www.freyavn.com\/wp-content\/uploads\/2025\/12\/a2a7ca0f307148a9893ce760eb60295ctplv-aphluv4xwc.png 1000w\" sizes=\"(max-width: 300px) 100vw, 300px\" \/><\/div>\n\t\t\t\t\t<div class=\"wc-block-grid__product-title\">T\u00fai b\u00e1nh m\u00ec Kraft Ph\u00e1p<\/div>\n\t\t\t\t<\/a>\n\t\t\t\t<div class=\"wc-block-grid__product-price price\"><span class=\"woocommerce-Price-amount amount\"><span class=\"woocommerce-Price-currencySymbol\">VND<\/span>1,226K<\/span><\/div>\n\t\t\t\t\n\t\t\t\t<div class=\"wp-block-button wc-block-grid__product-add-to-cart\"><a href=\"https:\/\/www.freyavn.com\/index.php\/product\/tui-banh-mi-kraft-phap\/\" aria-label=\"\u4e3a&ldquo;T\u00fai b\u00e1nh m\u00ec Kraft Ph\u00e1p&rdquo;\u9009\u62e9\u9009\u9879\" data-quantity=\"1\" data-product_id=\"1784\" data-product_sku=\"\" data-price=\"1225523\" rel=\"nofollow\" class=\"wp-block-button__link wp-element-button add_to_cart_button\">\u9009\u62e9\u9009\u9879<\/a><\/div>\n\t\t\t<\/li><li class=\"wc-block-grid__product\">\n\t\t\t\t<a href=\"https:\/\/www.freyavn.com\/index.php\/product\/mem-da-det-tote-bag\/\" class=\"wc-block-grid__product-link\">\n\t\t\t\t\t\n\t\t\t\t\t<div class=\"wc-block-grid__product-image\"><img loading=\"lazy\" decoding=\"async\" width=\"300\" height=\"300\" src=\"https:\/\/www.freyavn.com\/wp-content\/uploads\/2025\/12\/f52bb59fc91040f4bc9452189f20be34tplv-aphluv4xwc-300x300.png\" class=\"attachment-woocommerce_thumbnail size-woocommerce_thumbnail\" alt=\"M\u1ec1m da d\u1ec7t Tote Bag\" srcset=\"https:\/\/www.freyavn.com\/wp-content\/uploads\/2025\/12\/f52bb59fc91040f4bc9452189f20be34tplv-aphluv4xwc-300x300.png 300w, https:\/\/www.freyavn.com\/wp-content\/uploads\/2025\/12\/f52bb59fc91040f4bc9452189f20be34tplv-aphluv4xwc-500x500.png 500w, https:\/\/www.freyavn.com\/wp-content\/uploads\/2025\/12\/f52bb59fc91040f4bc9452189f20be34tplv-aphluv4xwc-768x768.png 768w, https:\/\/www.freyavn.com\/wp-content\/uploads\/2025\/12\/f52bb59fc91040f4bc9452189f20be34tplv-aphluv4xwc-600x600.png 600w, https:\/\/www.freyavn.com\/wp-content\/uploads\/2025\/12\/f52bb59fc91040f4bc9452189f20be34tplv-aphluv4xwc-100x100.png 100w, https:\/\/www.freyavn.com\/wp-content\/uploads\/2025\/12\/f52bb59fc91040f4bc9452189f20be34tplv-aphluv4xwc-50x50.png 50w, https:\/\/www.freyavn.com\/wp-content\/uploads\/2025\/12\/f52bb59fc91040f4bc9452189f20be34tplv-aphluv4xwc.png 1000w\" sizes=\"(max-width: 300px) 100vw, 300px\" \/><\/div>\n\t\t\t\t\t<div class=\"wc-block-grid__product-title\">M\u1ec1m da d\u1ec7t Tote Bag<\/div>\n\t\t\t\t<\/a>\n\t\t\t\t<div class=\"wc-block-grid__product-price price\"><span class=\"woocommerce-Price-amount amount\"><span class=\"woocommerce-Price-currencySymbol\">VND<\/span>926K<\/span><\/div>\n\t\t\t\t\n\t\t\t\t<div class=\"wp-block-button wc-block-grid__product-add-to-cart\"><a href=\"https:\/\/www.freyavn.com\/index.php\/product\/mem-da-det-tote-bag\/\" aria-label=\"\u4e3a&ldquo;M\u1ec1m da d\u1ec7t Tote Bag&rdquo;\u9009\u62e9\u9009\u9879\" data-quantity=\"1\" data-product_id=\"1740\" data-product_sku=\"\" data-price=\"925621\" rel=\"nofollow\" class=\"wp-block-button__link wp-element-button add_to_cart_button\">\u9009\u62e9\u9009\u9879<\/a><\/div>\n\t\t\t<\/li><\/ul><\/div><\/div>\n<\/div>\n","protected":false},"excerpt":{"rendered":"","protected":false},"author":1,"featured_media":0,"parent":0,"menu_order":0,"comment_status":"closed","ping_status":"closed","template":"","meta":{"footnotes":""},"class_list":["post-9","page","type-page","status-publish","hentry"],"_links":{"self":[{"href":"https:\/\/www.freyavn.com\/index.php\/wp-json\/wp\/v2\/pages\/9","targetHints":{"allow":["GET"]}}],"collection":[{"href":"https:\/\/www.freyavn.com\/index.php\/wp-json\/wp\/v2\/pages"}],"about":[{"href":"https:\/\/www.freyavn.com\/index.php\/wp-json\/wp\/v2\/types\/page"}],"author":[{"embeddable":true,"href":"https:\/\/www.freyavn.com\/index.php\/wp-json\/wp\/v2\/users\/1"}],"replies":[{"embeddable":true,"href":"https:\/\/www.freyavn.com\/index.php\/wp-json\/wp\/v2\/comments?post=9"}],"version-history":[{"count":3,"href":"https:\/\/www.freyavn.com\/index.php\/wp-json\/wp\/v2\/pages\/9\/revisions"}],"predecessor-version":[{"id":199,"href":"https:\/\/www.freyavn.com\/index.php\/wp-json\/wp\/v2\/pages\/9\/revisions\/199"}],"wp:attachment":[{"href":"https:\/\/www.freyavn.com\/index.php\/wp-json\/wp\/v2\/media?parent=9"}],"curies":[{"name":"wp","href":"https:\/\/api.w.org\/{rel}","templated":true}]}}